et c = 6 + 44. Suppose -3*n = s*n - c. What is the tens digit of n?
1
Let m = 68 + -48. Let w be 14/8 - (-5)/m. Suppose 5*r - s - 59 = 3*s, w*r - 5*s = 27. What is the units digit of r?
1
Let m(j) = -j**2 - 14*j - 13. Let g be m(-13). Suppose g = -2*r - 3*r + 95. What is the units digit of r?
9
Let r = -172 - -328. What is the tens digit of r?
5
Suppose 3*v - 125 - 82 = -3*h, -h - 3*v + 65 = 0. What is the units digit of h?
1
Let k = -3 + 6. Suppose -24 = -k*j + 24. What is the units digit of j?
6
Suppose -2*u = 5*k - 4*u - 471, -5*u = 4*k - 357. What is the tens digit of k?
9
Suppose 8 = 5*g - 17. Suppose -2 - 13 = g*r. Let j = -1 - r. What is the units digit of j?
2
Suppose 24 = 5*t - 2*j, 4*t - 2 = 4*j + 22. Suppose -x = -t*x + 9. What is the units digit of x?
3
What is the units digit of ((-240)/(-8))/(2/6)?
0
Suppose r - 5 = -1. Suppose 3*b - v = 42, 3*b - 7*b + r*v = -48. What is the units digit of b?
5
What is the tens digit of ((-4)/3 + 0)/((-2)/102)?
6
Let n(j) = 2*j**2 - 4*j - 4. Let f = -2 + 6. What is the tens digit of n(f)?
1
Suppose -y + 20 = -5*i, -4*y = y + 4*i - 13. Suppose -3*a + y*a - 38 = 0. Suppose 0 = 5*v - a - 6. What is the units digit of v?
5
Let u(h) = h**3 - 7*h**2 - 6*h - 11. Let n be u(8). Suppose 0 = -2*g - 0*g + n*s + 53, 0 = -g + 4*s + 25. What is the units digit of g?
9
Let r(y) = 43*y + 10. What is the units digit of r(4)?
2
Let s(v) = -v**3 - v**2 - v + 11. Suppose -r - r - 6 = -2*i, i = -4*r - 12. What is the tens digit of s(i)?
1
Let r(d) = -d**2 - 14*d + 4. Let h be r(-10). Suppose -6*i + i = 3*u - h, 0 = u - 5*i + 12. What is the units digit of u?
8
Let j = 21 - 15. Let z = 8 - j. Suppose z*d = -3*v + 13, 2*v + d - 18 = 2*d. What is the units digit of v?
7
Suppose 3*m = 5*k - 10, 2*m - 10 = -0*m. Let r(d) = -d**3 + 4*d**2 + 7*d - 7. Let f be r(k). Let l = f - 1. What is the units digit of l?
2
Let z(k) = k**2 - 8*k + 4. Let d be z(8). Let g(i) = -i**3 + 5*i**2. What is the tens digit of g(d)?
1
Suppose -2*g = -6*g + 20. Suppose g*m = -0*m + 15. What is the units digit of m?
3
Let l(c) be the third derivative of 17*c**4/24 + c**3/6 + 3*c**2. Let j be l(1). What is the units digit of 195/18 - (-3)/j?
1
Let i be (5 + -3)/((-1)/(-2)). Suppose -i*p + 56 = r, -70 = -5*p + r - 6*r. What is the units digit of p?
4
Let l(n) = 4 + 4*n + n - 6*n. What is the units digit of l(-8)?
2
Let g = 50 - 13. Let j = 65 - g. What is the units digit of j?
8
What is the hundreds digit of -40*(-5 + 3)*3?
2
Suppose 0 = -0*p + 4*p - 3*b - 39, 34 = 4*p - 2*b. Let c be p + -2*3/2. Suppose 4 = c*r - r. What is the units digit of r?
2
Let s(l) = -l**2 + 16*l + 16. What is the tens digit of s(13)?
5
Suppose -27*t = -25*t - 58. What is the tens digit of t?
2
What is the tens digit of (-12)/(-2)*(44 + -14)?
8
Let j = 72 + -33. What is the units digit of j/33 + 4/(-22)?
1
Suppose 2*j - u = 169, 4*u - 78 = -j + 11. What is the tens digit of j?
8
Let f = -3 - -7. What is the units digit of (-4)/f*-17 + 0?
7
Let d(o) = o + 30. Let i be d(0). Suppose 0 = -4*u - 2 + i. What is the units digit of u?
7
Suppose 0 = -o + 1 + 2. Let f = 2 - 3. Let b = f + o. What is the units digit of b?
2
Let d(v) = 3*v + 5. Let t(m) = 4*m + 7. Suppose 0 = -5*g - 5 - 20. Let z(r) = g*t(r) + 7*d(r). What is the units digit of z(8)?
8
Let b be 14/(2 + 24/(-15)). Let h = 5 + b. Suppose 2*t = -2*t + h. What is the units digit of t?
0
Let z(a) = -3*a - 51. What is the tens digit of z(-23)?
1
Let o(s) = -4*s**3 + 4*s**2 - 2. Let t be o(3). Let h be 2/(-9) - t/9. Suppose -8 = -4*y + h. What is the units digit of y?
4
Suppose 9*p + 50 = 11*p. What is the units digit of p?
5
What is the units digit of (-49 + 4)*(-4)/6?
0
Let x = -25 - -49. What is the units digit of x?
4
Suppose -3*z = -3*b - 6, 2*b + 6 + 1 = 3*z. Suppose -5*p = 4*g - 2 - 0, 5*p = 3*g + 16. What is the units digit of b + (0 - p) + 11?
0
Suppose 5*g + 3*d - 14 = 0, 2*g - 5*d - 18 = -0*g. Suppose -2*u = -g*u - 2*v, -2*v = -u + 15. Suppose 3*r = u*i, -i - i = -6. What is the units digit of r?
5
What is the units digit of 1626/45 - (-4)/(-30)?
6
Let v be 1 + (4/2)/(-2). Let g(t) = 3*t + 7. What is the units digit of g(v)?
7
Suppose 4*v - 2*v - m - 313 = 0, 3*v - 489 = -5*m. What is the tens digit of v?
5
Let r = 8 + -5. Let f be (r - (-2 + 3)) + -44. What is the tens digit of f*(12/(-9))/4?
1
Suppose -4*x - 7 = t, -2*x - 3 = t + 14. What is the units digit of 2/9 - 1074/t?
0
Let d be 6*((-9)/6)/(-3). Let t(l) = -l**d - 12*l**3 - 2*l**3. What is the tens digit of t(-1)?
1
What is the units digit of 18/(-3)*4/(-8)?
3
Let k(n) = n - 3. Let r be k(6). Suppose 0 = -r*u + 4*u - 1. What is the units digit of u?
1
Let s(a) = -a**3 - 19*a**2 - 6*a - 17. What is the units digit of s(-19)?
7
Suppose n + 3*n = -4. Let b be (0 - 0)/(1/n). Suppose b = -6*i + 2*i + 36. What is the units digit of i?
9
Let d(t) = -49*t + 14. What is the hundreds digit of d(-5)?
2
Let j(r) = -2*r**2 - 2*r - 1 - 2*r**3 + r**2 + r**3 + 0*r. What is the units digit of j(-2)?
7
Let h be (1 + 0)/(-1)*-6. Suppose 2*k - 4 = h. Suppose -5*s + 15 = 5*i - 2*i, -k*s + i = -35. What is the units digit of s?
6
Let r(f) = 4*f - 1 + 4*f - 5*f. Let u be 5/2 + 2/(-4). What is the units digit of r(u)?
5
Let y(a) = a + 7. Let s be 6/(-21) - (-4)/14. Let r be y(s). What is the units digit of r + (-2 + 1 - -2)?
8
Let z(o) = -o**3 + 13*o**2 + 8*o - 16. Let l be z(13). Suppose -2*k + l = 2*k + 4*h, -k = -5*h - 34. What is the units digit of k?
4
Let o(z) = z**2 + 2*z - 2. Let b be (1 + 0)/(3/(-15)). What is the units digit of o(b)?
3
Suppose 20 = 12*i - 460. What is the tens digit of i?
4
Let z(u) = -40*u. What is the units digit of z(-1)?
0
What is the units digit of 208 + -1 + -28 + 25?
4
Let v = 6 - 0. Suppose 0*t + 6 = x + 2*t, 0 = -2*t + v. Suppose 4*n - 8 + 0 = x. What is the units digit of n?
2
Let i(y) = 3*y**3 - 3*y**2 - 3*y + 1. What is the units digit of i(3)?
6
Suppose -2*n + 1 = 5*b - 2*b, -5*b - n + 11 = 0. Suppose b*y - 38 = -2*z, -4*z - 2 - 2 = -2*y. What is the units digit of 6*(y/(-4))/(-5)?
3
Let q be (1 + 1)*1 + 30. Suppose -4*x - x - 29 = j, -q = 3*j + 4*x. What is the units digit of (j/6)/(2/(-9))?
3
Suppose 0 = -18*i - 4*i + 1650. What is the tens digit of i?
7
Let i(m) = -m**3 + 8*m**2 - 6*m - 5. Let y be i(7). What is the tens digit of y/8 - 134/(-8)?
1
Suppose 5*m - 5*w - 5 = 0, 0*m - 4*m - 36 = 4*w. Let k = -15 + m. Let t = k + 29. What is the tens digit of t?
1
What is the tens digit of 38 + 7/(7/(-2))?
3
Suppose 20 + 52 = 2*i. What is the tens digit of i?
3
Let c = -4 - -7. Suppose 0 = x - 4*x + 15. What is the units digit of x/c + (-1)/(-3)?
2
Let i(n) = 0*n - 2*n + 5 + 3*n. Let u = 8 - 4. What is the units digit of i(u)?
9
Let d = 4 - -6. What is the tens digit of d?
1
Suppose a = -0*a + 5*f + 53, 0 = -5*f - 25. What is the tens digit of a?
2
What is the units digit of ((-4)/6)/((-5)/540)?
2
Suppose -4*u + 60 = u. What is the units digit of (-2)/u*2*-6?
2
Suppose -z = -3*w - 51, -3*z + 4*w + 171 - 23 = 0. What is the tens digit of z?
4
Suppose -4*f + 10 = -62. What is the units digit of (-1 + 2)*f + 1?
9
Let p(f) = -f**2 - 10*f - 13. What is the units digit of p(-6)?
1
Let d = 93 - 63. Let l = d - 18. What is the tens digit of l?
1
Suppose 0 = -g - 2*v + 4, 5*g - v - 1 = -14. What is the units digit of (-23)/g - (-5)/(-10)?
1
Suppose 5*l - 4*x - 134 = 207, 2*x = 2*l - 138. What is the units digit of l?
5
Let a be (0/(-2))/(15/(-5)). Suppose -2*q + 3*q - 8 = a. What is the units digit of q?
8
Let c(q) = 55*q**2 - q + 1. What is the tens digit of c(1)?
5
Let l(h) be the third derivative of -h**5/60 - 5*h**4/12 - 7*h**3/6 - 32*h**2. Let f = 6 + -12. What is the units digit of l(f)?
7
Suppose -3*b + 1 = -4*b - 2*y, b = 4*y + 5. Suppose 0 = 4*f + 3*c - 22, -c + b = -f + 3. Let r(v) = v**2 - 4*v + 6. What is the units digit of r(f)?
6
Let x = -2 + 3. Let s = 7 + x. Suppose 2*v - 32 = s. What is the tens digit of v?
2
Let p = -33 - -87. What is the units digit of (2/(-3))/((-4)/p)?
9
Suppose 22 = 5*h - 0*h - w, -3*h - 2*w + 8 = 0. What is the units digit of 2/4 + 10/h?
3
Let s(c) = -c - 3. Let b be s(-8). Suppose 0*u = b*u + 10. Let m = u - -15. What is the units digit of m?
3
Let z(j) = -3*j**3 - 2*j - 1. Let n be z(-1). Let v be (2/(-5))